 the remainder when 80 is divided by 11.
3
Calculate the remainder when 401 is divided by 375.
26
What is the remainder when 499 is divided by 107?
71
Calculate the remainder when 4067 is divided by 21.
14
What is the remainder when 698 is divided by 86?
10
What is the remainder when 2252 is divided by 23?
21
What is the remainder when 123 is divided by 33?
24
What is the remainder when 483 is divided by 121?
120
Calculate the remainder when 68 is divided by 45.
23
Calculate the remainder when 360 is divided by 28.
24
Calculate the remainder when 506 is divided by 85.
81
What is the remainder when 5397 is divided by 29?
3
What is the remainder when 47 is divided by 18?
11
What is the remainder when 726 is divided by 120?
6
What is the remainder when 75 is divided by 29?
17
What is the remainder when 97 is divided by 11?
9
What is the remainder when 2073 is divided by 34?
33
What is the remainder when 361 is divided by 13?
10
Calculate the remainder when 167 is divided by 10.
7
What is the remainder when 163 is divided by 11?
9
What is the remainder when 762 is divided by 258?
246
Calculate the remainder when 160 is divided by 96.
64
What is the remainder when 7068 is divided by 35?
33
What is the remainder when 42 is divided by 40?
2
Calculate the remainder when 3053 is divided by 90.
83
Calculate the remainder when 308 is divided by 45.
38
Calculate the remainder when 289 is divided by 91.
16
Calculate the remainder when 5060 is divided by 5056.
4
What is the remainder when 80 is divided by 66?
14
What is the remainder when 390 is divided by 214?
176
What is the remainder when 159 is divided by 32?
31
What is the remainder when 294 is divided by 11?
8
What is the remainder when 120 is divided by 22?
10
What is the remainder when 753 is divided by 36?
33
Calculate the remainder when 77 is divided by 13.
12
Calculate the remainder when 241 is divided by 56.
17
Calculate the remainder when 104 is divided by 27.
23
What is the remainder when 445 is divided by 50?
45
Calculate the remainder when 195 is divided by 28.
27
What is the remainder when 211 is divided by 115?
96
What is the remainder when 245 is divided by 64?
53
What is the remainder when 222 is divided by 75?
72
Calculate the remainder when 32043 is divided by 13.
11
Calculate the remainder when 694 is divided by 71.
55
Calculate the remainder when 960 is divided by 42.
36
Calculate the remainder when 69 is divided by 51.
18
Calculate the remainder when 285 is divided by 51.
30
Calculate the remainder when 540 is divided by 87.
18
Calculate the remainder when 339 is divided by 11.
9
Calculate the remainder when 1165 is divided by 65.
60
What is the remainder when 174 is divided by 19?
3
What is the remainder when 1731 is divided by 115?
6
Calculate the remainder when 688 is divided by 139.
132
What is the remainder when 94 is divided by 33?
28
Calculate the remainder when 47 is divided by 31.
16
What is the remainder when 133 is divided by 13?
3
What is the remainder when 124 is divided by 39?
7
What is the remainder when 165 is divided by 21?
18
What is the remainder when 665 is divided by 102?
53
Calculate the remainder when 370 is divided by 114.
28
Calculate the remainder when 2034 is divided by 136.
130
Calculate the remainder when 260 is divided by 44.
40
Calculate the remainder when 27968 is divided by 63.
59
Calculate the remainder when 248 is divided by 25.
23
Calculate the remainder when 395 is divided by 3.
2
What is the remainder when 2838 is divided by 20?
18
Calculate the remainder when 297 is divided by 12.
9
Calculate the remainder when 66 is divided by 1.
0
Calculate the remainder when 641 is divided by 55.
36
Calculate the remainder when 104 is divided by 6.
2
What is the remainder when 186 is divided by 19?
15
What is the remainder when 213 is divided by 24?
21
Calculate the remainder when 47 is divided by 29.
18
What is the remainder when 66153 is divided by 11?
10
Calculate the remainder when 102 is divided by 85.
17
What is the remainder when 103 is divided by 42?
19
What is the remainder when 351 is divided by 171?
9
What is the remainder when 300 is divided by 6?
0
What is the remainder when 3311 is divided by 473?
0
What is the remainder when 76 is divided by 7?
6
What is the remainder when 341 is divided by 50?
41
Calculate the remainder when 4366 is divided by 8.
6
Calculate the remainder when 790 is divided by 114.
106
Calculate the remainder when 145 is divided by 49.
47
Calculate the remainder when 497 is divided by 146.
59
What is the remainder when 87 is divided by 10?
7
What is the remainder when 22 is divided by 10?
2
What is the remainder when 331 is divided by 9?
7
Calculate the remainder when 25122 is divided by 44.
42
What is the remainder when 208 is divided by 60?
28
Calculate the remainder when 141 is divided by 20.
1
What is the remainder when 536 is divided by 77?
74
What is the remainder when 844 is divided by 65?
64
What is the remainder when 18079 is divided by 19?
10
Calculate the remainder when 70 is divided by 60.
10
Calculate the remainder when 76 is divided by 67.
9
What is the remainder when 820 is divided by 410?
0
What is the remainder when 2600 is divided by 213?
44
What is the remainder when 1310 is divided by 32?
30
What is the remainder when 4637 is divided by 27?
20
What is the remainder when 28 is divided by 1?
0
Calculate the remainder when 138 is divided by 20.
18
Calculate the remainder when 714 is divided by 180.
174
Calculate the remainder when 87 is divided by 11.
10
Calculate the remainder when 1531 is divided by 62.
43
What is the remainder when 3377 is divided by 844?
1
Calculate the remainder when 501 is divided by 226.
49
Calculate the remainder when 516 is divided by 174.
168
What is the remainder when 367 is divided by 57?
25
What is the remainder when 75 is divided by 33?
9
What is the remainder when 7030 is divided by 8?
6
What is the remainder when 47 is divided by 5?
2
Calculate the remainder when 634 is divided by 200.
34
Calculate the remainder when 232 is divided by 21.
1
Calculate the remainder when 167 is divided by 37.
19
What is the remainder when 295 is divided by 8?
7
Calculate the remainder when 989 is divided by 100.
89
Calculate the remainder when 37 is divided by 14.
9
Calculate the remainder when 548 is divided by 29.
26
What is the remainder when 157 is divided by 80?
77
What is the remainder when 358 is divided by 59?
4
Calculate the remainder when 69 is divided by 57.
12
Calculate the remainder when 404 is divided by 98.
12
Calculate the remainder when 574 is divided by 64.
62
What is the remainder when 56 is divided by 24?
8
What is the remainder when 1270 is divided by 12?
10
Calculate the remainder when 47 is divided by 28.
19
Calculate the remainder when 1941 is divided by 276.
9
Calculate the remainder when 1601 is divided by 271.
246
What is the remainder when 192 is divided by 40?
32
What is the remainder when 945 is divided by 6?
3
What is the remainder when 74 is divided by 20?
14
Calculate the remainder when 212 is divided by 102.
8
What is the remainder when 279 is divided by 185?
94
What is the remainder when 270 is divided by 86?
12
Calculate the remainder when 1481 is divided by 27.
23
What is the remainder when 63 is divided by 38?
25
Calculate the remainder when 9 is divided by 3.
0
Calculate the remainder when 9279 is divided by 20.
19
What is the remainder when 566 is divided by 185?
11
What is the remainder when 5034 is divided by 30?
24
Calculate the remainder when 314 is divided by 165.
149
Calculate the remainder when 631 is divided by 262.
107
What is the remainder when 2285 is divided by 164?
153
What is the remainder when 508 is divided by 25?
8
Calculate the remainder when 1055 is divided by 12.
11
What is the remainder when 2353 is divided by 62?
59
What is the remainder when 305 is divided by 216?
89
What is the remainder when 3778 is divided by 210?
208
What is the remainder when 124 is divided by 76?
48
Calculate the remainder when 189 is divided by 64.
61
What is the remainder when 327 is divided by 18?
3
What is the remainder when 1397 is divided by 48?
5
What is the remainder when 210 is divided by 55?
45
Calculate the remainder when 535 is divided by 38.
